{"id":196,"date":"2019-03-20T11:25:47","date_gmt":"2019-03-20T10:25:47","guid":{"rendered":"http:\/\/rampelysfestivalen.no\/?page_id=196"},"modified":"2022-03-22T10:24:50","modified_gmt":"2022-03-22T09:24:50","slug":"ampere","status":"publish","type":"page","link":"https:\/\/osloung.no\/2019\/ampere\/","title":{"rendered":"09 AMPERE"},"content":{"rendered":"<div id=\"cs-content\" class=\"cs-content\"><\/div>\n","protected":false},"excerpt":{"rendered":"<p>AMPERE Hyener S\u00f8ndag 5. mai kl. 20:30Tirsdag 7. mai kl. 20:30Hva skal man gj\u00f8re hvis skolen kjennes som en savanne uten sjans \u00e5 gjemme seg? Bli en del av det? En gruppe jenter bestemmer seg for \u00e5 bli hyener. Er det lettere \u00e5 overleve hvis man tilh\u00f8rer en flokk? KJ\u00d8P BILLETT, S\u00d8NDAG 5. MAI\u2026 KJ\u00d8P BILLETT, TIRSDAG 7. MAI\u2026 NB: &#8230;<\/p>\n","protected":false},"author":1,"featured_media":0,"parent":0,"menu_order":0,"comment_status":"closed","ping_status":"closed","template":"","meta":{"footnotes":""},"class_list":["post-196","page","type-page","status-publish","hentry","no-post-thumbnail"],"_links":{"self":[{"href":"https:\/\/osloung.no\/2019\/wp-json\/wp\/v2\/pages\/196","targetHints":{"allow":["GET"]}}],"collection":[{"href":"https:\/\/osloung.no\/2019\/wp-json\/wp\/v2\/pages"}],"about":[{"href":"https:\/\/osloung.no\/2019\/wp-json\/wp\/v2\/types\/page"}],"author":[{"embeddable":true,"href":"https:\/\/osloung.no\/2019\/wp-json\/wp\/v2\/users\/1"}],"replies":[{"embeddable":true,"href":"https:\/\/osloung.no\/2019\/wp-json\/wp\/v2\/comments?post=196"}],"version-history":[{"count":5,"href":"https:\/\/osloung.no\/2019\/wp-json\/wp\/v2\/pages\/196\/revisions"}],"predecessor-version":[{"id":508,"href":"https:\/\/osloung.no\/2019\/wp-json\/wp\/v2\/pages\/196\/revisions\/508"}],"wp:attachment":[{"href":"https:\/\/osloung.no\/2019\/wp-json\/wp\/v2\/media?parent=196"}],"curies":[{"name":"wp","href":"https:\/\/api.w.org\/{rel}","templated":true}]}}