{"id":200,"date":"2019-03-20T11:31:51","date_gmt":"2019-03-20T10:31:51","guid":{"rendered":"http:\/\/rampelysfestivalen.no\/?page_id=200"},"modified":"2022-03-22T10:25:13","modified_gmt":"2022-03-22T09:25:13","slug":"ninja","status":"publish","type":"page","link":"https:\/\/osloung.no\/2019\/ninja\/","title":{"rendered":"10 NINJA"},"content":{"rendered":"<div id=\"cs-content\" class=\"cs-content\"><\/div>\n","protected":false},"excerpt":{"rendered":"<p>NINJA Sn\u00f8kongen Mandag 6. mai kl. 20:30Sn\u00f8kongen handler om mot, styrke og kj\u00e6rlighet. S\u00f8strene Kaja og Gerda blir borte fra hverandre, etter at Kaja blir fanget av Sn\u00f8kongen, og Gerda m\u00e5 gi seg ut p\u00e5 en farefull ferd for \u00e5 befri sin kj\u00e6re s\u00f8ster. P\u00e5 veien mot Kaja og sn\u00f8slottet treffer Gerda p\u00e5 et par ivrige sladrekjerringer, et nyforlovet kronprinspar, &#8230;<\/p>\n","protected":false},"author":1,"featured_media":0,"parent":0,"menu_order":0,"comment_status":"closed","ping_status":"closed","template":"","meta":{"footnotes":""},"class_list":["post-200","page","type-page","status-publish","hentry","no-post-thumbnail"],"_links":{"self":[{"href":"https:\/\/osloung.no\/2019\/wp-json\/wp\/v2\/pages\/200","targetHints":{"allow":["GET"]}}],"collection":[{"href":"https:\/\/osloung.no\/2019\/wp-json\/wp\/v2\/pages"}],"about":[{"href":"https:\/\/osloung.no\/2019\/wp-json\/wp\/v2\/types\/page"}],"author":[{"embeddable":true,"href":"https:\/\/osloung.no\/2019\/wp-json\/wp\/v2\/users\/1"}],"replies":[{"embeddable":true,"href":"https:\/\/osloung.no\/2019\/wp-json\/wp\/v2\/comments?post=200"}],"version-history":[{"count":4,"href":"https:\/\/osloung.no\/2019\/wp-json\/wp\/v2\/pages\/200\/revisions"}],"predecessor-version":[{"id":509,"href":"https:\/\/osloung.no\/2019\/wp-json\/wp\/v2\/pages\/200\/revisions\/509"}],"wp:attachment":[{"href":"https:\/\/osloung.no\/2019\/wp-json\/wp\/v2\/media?parent=200"}],"curies":[{"name":"wp","href":"https:\/\/api.w.org\/{rel}","templated":true}]}}