{"id":229,"date":"2019-03-20T12:28:40","date_gmt":"2019-03-20T11:28:40","guid":{"rendered":"http:\/\/rampelysfestivalen.no\/?page_id=229"},"modified":"2022-03-22T10:30:46","modified_gmt":"2022-03-22T09:30:46","slug":"lindebergbarnegruppa","status":"publish","type":"page","link":"https:\/\/osloung.no\/2019\/lindebergbarnegruppa\/","title":{"rendered":"17 LINDEBERG TEATER, BARNEGRUPPA"},"content":{"rendered":"<div id=\"cs-content\" class=\"cs-content\"><\/div>\n","protected":false},"excerpt":{"rendered":"<p>LINDEBERG TEATER, BARNEGRUPPA Peer Gynt i Dovregubbens hall Fredag 10. mai kl. 18:00Peer, du lyver!, sier Mor \u00c5se til s\u00f8nnen sin Peer Gynt. Han er en storskryter som har h\u00f8ye tanker om seg selv og hva han skal oppn\u00e5 i livet. Han dr\u00f8mmer om \u00e5 bli konge eller keiser. I utdraget m\u00f8ter dere en ung Peer som r\u00f8ver bruden i &#8230;<\/p>\n","protected":false},"author":1,"featured_media":0,"parent":0,"menu_order":0,"comment_status":"closed","ping_status":"closed","template":"","meta":{"footnotes":""},"class_list":["post-229","page","type-page","status-publish","hentry","no-post-thumbnail"],"_links":{"self":[{"href":"https:\/\/osloung.no\/2019\/wp-json\/wp\/v2\/pages\/229","targetHints":{"allow":["GET"]}}],"collection":[{"href":"https:\/\/osloung.no\/2019\/wp-json\/wp\/v2\/pages"}],"about":[{"href":"https:\/\/osloung.no\/2019\/wp-json\/wp\/v2\/types\/page"}],"author":[{"embeddable":true,"href":"https:\/\/osloung.no\/2019\/wp-json\/wp\/v2\/users\/1"}],"replies":[{"embeddable":true,"href":"https:\/\/osloung.no\/2019\/wp-json\/wp\/v2\/comments?post=229"}],"version-history":[{"count":4,"href":"https:\/\/osloung.no\/2019\/wp-json\/wp\/v2\/pages\/229\/revisions"}],"predecessor-version":[{"id":515,"href":"https:\/\/osloung.no\/2019\/wp-json\/wp\/v2\/pages\/229\/revisions\/515"}],"wp:attachment":[{"href":"https:\/\/osloung.no\/2019\/wp-json\/wp\/v2\/media?parent=229"}],"curies":[{"name":"wp","href":"https:\/\/api.w.org\/{rel}","templated":true}]}}