{"id":233,"date":"2019-03-20T12:44:19","date_gmt":"2019-03-20T11:44:19","guid":{"rendered":"http:\/\/rampelysfestivalen.no\/?page_id=233"},"modified":"2022-03-22T10:31:06","modified_gmt":"2022-03-22T09:31:06","slug":"lindebergungdomsgruppa","status":"publish","type":"page","link":"https:\/\/osloung.no\/2019\/lindebergungdomsgruppa\/","title":{"rendered":"18 LINDEBERG TEATER, UNGDOMSGRUPPA"},"content":{"rendered":"<div id=\"cs-content\" class=\"cs-content\"><\/div>\n","protected":false},"excerpt":{"rendered":"<p>LINDEBERG TEATER, UNGDOMSGRUPPA Mordene p\u00e5 Ashdale \u2013 en kriminalkomedie Fredag 10. mai kl. 20:00P\u00e5 det gamle engelske slottet Ashdale bor bestemor Ashdale sammen med butleren sin. Der bor ogs\u00e5 datteren hennes, og svigers\u00f8nnen og de to barna deres. Ingen av disse gidder \u00e5 f\u00e5 seg et arbeid, for bestemor er rik, og de kan leve p\u00e5 pengene hennes. N\u00e5 venter &#8230;<\/p>\n","protected":false},"author":1,"featured_media":0,"parent":0,"menu_order":0,"comment_status":"closed","ping_status":"closed","template":"","meta":{"footnotes":""},"class_list":["post-233","page","type-page","status-publish","hentry","no-post-thumbnail"],"_links":{"self":[{"href":"https:\/\/osloung.no\/2019\/wp-json\/wp\/v2\/pages\/233","targetHints":{"allow":["GET"]}}],"collection":[{"href":"https:\/\/osloung.no\/2019\/wp-json\/wp\/v2\/pages"}],"about":[{"href":"https:\/\/osloung.no\/2019\/wp-json\/wp\/v2\/types\/page"}],"author":[{"embeddable":true,"href":"https:\/\/osloung.no\/2019\/wp-json\/wp\/v2\/users\/1"}],"replies":[{"embeddable":true,"href":"https:\/\/osloung.no\/2019\/wp-json\/wp\/v2\/comments?post=233"}],"version-history":[{"count":5,"href":"https:\/\/osloung.no\/2019\/wp-json\/wp\/v2\/pages\/233\/revisions"}],"predecessor-version":[{"id":516,"href":"https:\/\/osloung.no\/2019\/wp-json\/wp\/v2\/pages\/233\/revisions\/516"}],"wp:attachment":[{"href":"https:\/\/osloung.no\/2019\/wp-json\/wp\/v2\/media?parent=233"}],"curies":[{"name":"wp","href":"https:\/\/api.w.org\/{rel}","templated":true}]}}