{"id":155,"date":"2023-03-13T12:59:03","date_gmt":"2023-03-13T11:59:03","guid":{"rendered":"https:\/\/osloung.no\/?page_id=155"},"modified":"2023-05-01T11:55:47","modified_gmt":"2023-05-01T09:55:47","slug":"transformator","status":"publish","type":"page","link":"https:\/\/osloung.no\/2023\/transformator\/","title":{"rendered":"Transformator"},"content":{"rendered":"<div id=\"cs-content\" class=\"cs-content\"><\/div>\n","protected":false},"excerpt":{"rendered":"<p>TransformatorKimS\u00d8NDAG 7. MAI KL. 16:30MANDAG 8. MAI KL. 20:00Kim feier inn p\u00e5 den nye skolen med sin ikke-bin\u00e6re kj\u00f8nnsidentitet og m\u00f8ter beundring og respekt. Men s\u00e5 blir alle opptatt av om Kim \u00abegentlig\u00bb er gutt eller jente. Fotballgutten Jonny vil finne ut om han har forelska seg i en gutt, sv\u00f8mmetalentet Sandra m\u00e5 finne ut om hun har f\u00e5tt en &#8230; <a href=\"https:\/\/osloung.no\/2023\/transformator\/\" class=\"more-link\">Read More<\/a><\/p>\n","protected":false},"author":1,"featured_media":0,"parent":0,"menu_order":0,"comment_status":"closed","ping_status":"closed","template":"template-blank-4.php","meta":{"footnotes":""},"class_list":["post-155","page","type-page","status-publish","hentry","no-post-thumbnail"],"_links":{"self":[{"href":"https:\/\/osloung.no\/2023\/wp-json\/wp\/v2\/pages\/155","targetHints":{"allow":["GET"]}}],"collection":[{"href":"https:\/\/osloung.no\/2023\/wp-json\/wp\/v2\/pages"}],"about":[{"href":"https:\/\/osloung.no\/2023\/wp-json\/wp\/v2\/types\/page"}],"author":[{"embeddable":true,"href":"https:\/\/osloung.no\/2023\/wp-json\/wp\/v2\/users\/1"}],"replies":[{"embeddable":true,"href":"https:\/\/osloung.no\/2023\/wp-json\/wp\/v2\/comments?post=155"}],"version-history":[{"count":20,"href":"https:\/\/osloung.no\/2023\/wp-json\/wp\/v2\/pages\/155\/revisions"}],"predecessor-version":[{"id":605,"href":"https:\/\/osloung.no\/2023\/wp-json\/wp\/v2\/pages\/155\/revisions\/605"}],"wp:attachment":[{"href":"https:\/\/osloung.no\/2023\/wp-json\/wp\/v2\/media?parent=155"}],"curies":[{"name":"wp","href":"https:\/\/api.w.org\/{rel}","templated":true}]}}