{"id":224,"date":"2023-03-15T17:55:52","date_gmt":"2023-03-15T16:55:52","guid":{"rendered":"https:\/\/osloung.no\/?page_id=224"},"modified":"2023-04-24T11:17:23","modified_gmt":"2023-04-24T09:17:23","slug":"ungdomssmia","status":"publish","type":"page","link":"https:\/\/osloung.no\/2023\/ungdomssmia\/","title":{"rendered":"Ungdomssmia"},"content":{"rendered":"<div id=\"cs-content\" class=\"cs-content\"><\/div>\n","protected":false},"excerpt":{"rendered":"<p>UngdomssmiaJONASFREDAG 12. MAI KL. 20:00Jonas har tatt et valg. Han valgte \u00e5 ta med seg en hagle p\u00e5 skolen og ta livet av 7 medelever. Gjenferdene hjems\u00f8ker ham. De vil ha svaret p\u00e5: Hvorfor? Hvorfor oss? Hvorfor drepte du oss? I tilbakeblikk og framblikk s\u00f8ker vi etter svar. Hva bor i hjertet hans? Hva tenkte han p\u00e5? Hvorfor? Hva fikk &#8230; <a href=\"https:\/\/osloung.no\/2023\/ungdomssmia\/\" class=\"more-link\">Read More<\/a><\/p>\n","protected":false},"author":1,"featured_media":0,"parent":0,"menu_order":0,"comment_status":"closed","ping_status":"closed","template":"template-blank-4.php","meta":{"footnotes":""},"class_list":["post-224","page","type-page","status-publish","hentry","no-post-thumbnail"],"_links":{"self":[{"href":"https:\/\/osloung.no\/2023\/wp-json\/wp\/v2\/pages\/224","targetHints":{"allow":["GET"]}}],"collection":[{"href":"https:\/\/osloung.no\/2023\/wp-json\/wp\/v2\/pages"}],"about":[{"href":"https:\/\/osloung.no\/2023\/wp-json\/wp\/v2\/types\/page"}],"author":[{"embeddable":true,"href":"https:\/\/osloung.no\/2023\/wp-json\/wp\/v2\/users\/1"}],"replies":[{"embeddable":true,"href":"https:\/\/osloung.no\/2023\/wp-json\/wp\/v2\/comments?post=224"}],"version-history":[{"count":8,"href":"https:\/\/osloung.no\/2023\/wp-json\/wp\/v2\/pages\/224\/revisions"}],"predecessor-version":[{"id":577,"href":"https:\/\/osloung.no\/2023\/wp-json\/wp\/v2\/pages\/224\/revisions\/577"}],"wp:attachment":[{"href":"https:\/\/osloung.no\/2023\/wp-json\/wp\/v2\/media?parent=224"}],"curies":[{"name":"wp","href":"https:\/\/api.w.org\/{rel}","templated":true}]}}