{"id":189,"date":"2024-04-17T09:34:00","date_gmt":"2024-04-17T07:34:00","guid":{"rendered":"https:\/\/osloung.no\/volt-2\/"},"modified":"2024-05-09T12:38:52","modified_gmt":"2024-05-09T10:38:52","slug":"vegaungteater","status":"publish","type":"page","link":"https:\/\/osloung.no\/2024\/vegaungteater\/","title":{"rendered":"Vega Ung Teater"},"content":{"rendered":"<div id=\"cs-content\" class=\"cs-content\"><div class=\"x-section e189-e1 m59-0 m59-1 m59-2 m59-3\"><div class=\"x-row x-container max width e189-e2 m59-a m59-b m59-c m59-d m59-e m59-i m59-j\"><div class=\"x-row-inner\"><div class=\"x-col e189-e3 m59-p\"><div class=\"x-text x-content e189-e4 m59-q m59-r m59-s m59-t\"><h2><span style=\"color: #ffffff;\">Vega Ung Teater<\/span><\/h2><\/div><\/div><\/div><\/div><\/div><div class=\"x-section e189-e5 m59-0 m59-2 m59-4 m59-5 m59-6\"><div class=\"x-row e189-e6 m59-b m59-c m59-f m59-g m59-k m59-l\"><div class=\"x-row-inner\"><div class=\"x-col e189-e7 m59-p\"><span class=\"x-image e189-e8 m59-11\"><img decoding=\"async\" src=\"https:\/\/osloung.no\/2024\/wp-content\/uploads\/2024\/05\/VegaUNGRGB-NETTVERSJON.jpg\" width=\"1920\" height=\"1080\" alt=\"Image\" loading=\"lazy\"><\/span><\/div><\/div><\/div><\/div><div class=\"x-section e189-e9 m59-0 m59-2 m59-3 m59-7\"><div class=\"x-row x-container max width e189-e10 m59-a m59-b m59-c m59-d m59-e m59-i m59-m\"><div class=\"x-row-inner\"><div class=\"x-col e189-e11 m59-p\"><div class=\"x-text x-content e189-e12 m59-q m59-r m59-s m59-u\"><h3><em><span style=\"color: #ffffff;\">Nye m\u00e5ter \u00e5 fly p\u00e5<\/span><\/em><\/h3><\/div><\/div><\/div><\/div><\/div><div class=\"x-section e189-e13 m59-0 m59-3 m59-4 m59-5 m59-8\"><div class=\"x-row x-container max width e189-e14 m59-a m59-b m59-e m59-h m59-i m59-n\"><div class=\"x-row-inner\"><div class=\"x-col e189-e15 m59-p\"><div class=\"x-text x-content e189-e16 m59-q m59-r m59-s m59-u\"><p><span style=\"color: #666666;\"><strong>FREDAG 24. MAI KL. 20:00<\/strong><\/span><\/p><\/div><\/div><div class=\"x-col e189-e17 m59-p\"><div class=\"x-text x-content e189-e18 m59-q m59-r m59-s m59-u\"><p><span style=\"color: #666666;\"><strong>L&Oslash;RDAG 25. MAI KL. 17:00<\/strong><\/span><\/p><\/div><\/div><\/div><\/div><\/div><div class=\"x-section e189-e19 m59-0 m59-3 m59-4 m59-8 m59-9\"><div class=\"x-row e189-e20 m59-a m59-b m59-c m59-g m59-k m59-o\"><div class=\"x-row-inner\"><div class=\"x-col e189-e21 m59-p\"><div class=\"x-grid x-container max width e189-e22 m59-12\"><div class=\"x-cell e189-e23 m59-13\"><div class=\"x-text x-content e189-e24 m59-r m59-s m59-u m59-v m59-w m59-x\"><p>Forestillingen handler om seks ungdommer som drar til en fraflyttet &oslash;y for &aring; starte et &oslash;kologisk kollektiv og finne nye m&aring;ter &aring; leve p&aring; i pakt med naturen og hverandre. Snart viser det seg imidlertid at motivene for &aring; v&aelig;re p&aring; &oslash;ya er litt ulike, der det for noen handler om &aring; redde verden fra klimakrisen, er det for andre mer en slags ferie, eller et p&aring;skudd for &aring; v&aelig;re sammen med de andre. Og hva er egentlig den beste m&aring;ten &aring; forholde seg til undergangen p&aring; uansett?<\/p>\n<p>Nye m&aring;ter &aring; fly p&aring; er skrevet i en lett og noen ganger satirisk tone, men fors&oslash;ker &aring; ta p&aring; alvor det dramatiske i &aring; v&aelig;re ung i en verden som trues av eksistensielle kriser.<\/p>\n<p>Velkommen!<\/p><\/div><\/div><div class=\"x-cell e189-e25 m59-13\"><div class=\"x-text x-content e189-e26 m59-r m59-v m59-w m59-y m59-z\">KJ\u00d8P BILLETTER<\/div><a class=\"x-anchor x-anchor-button has-graphic e189-e27 m59-14\" tabindex=\"0\" href=\"https:\/\/checkout.ebillett.no\/287\/events\/42508\/purchase\/setup?kanal=fw\" target=\"_blank\" rel=\"noopener noreferrer\"><div class=\"x-anchor-content\"><span class=\"x-graphic\" aria-hidden=\"true\"><i class=\"x-icon x-graphic-child x-graphic-icon x-graphic-primary\" aria-hidden=\"true\" data-x-icon-s=\"&#xf3ff;\"><\/i><\/span><div class=\"x-anchor-text\"><span class=\"x-anchor-text-primary\">FREDAG 24. MAI<\/span><\/div><\/div><\/a><a class=\"x-anchor x-anchor-button has-graphic e189-e28 m59-14\" tabindex=\"0\" href=\"https:\/\/checkout.ebillett.no\/287\/events\/42509\/purchase\/setup?kanal=fw\" target=\"_blank\" rel=\"noopener noreferrer\"><div class=\"x-anchor-content\"><span class=\"x-graphic\" aria-hidden=\"true\"><i class=\"x-icon x-graphic-child x-graphic-icon x-graphic-primary\" aria-hidden=\"true\" data-x-icon-s=\"&#xf3ff;\"><\/i><\/span><div class=\"x-anchor-text\"><span class=\"x-anchor-text-primary\">L&Oslash;RDAG 25. MAI<\/span><\/div><\/div><\/a><div class=\"x-text x-content e189-e29 m59-r m59-s m59-v m59-x m59-z m59-10\"><p><strong>60 minutter<\/strong><br \/><strong>13 &aring;r+<\/strong><\/p><\/div><div class=\"x-text x-content e189-e30 m59-r m59-s m59-v m59-w m59-x m59-z\"><p><strong>Dramatiker<\/strong><\/p><\/div><div class=\"x-text x-content e189-e31 m59-r m59-s m59-u m59-v m59-x m59-10\"><p><strong>Birgitte Larsen<\/strong><\/p><\/div><div class=\"x-text x-content e189-e32 m59-r m59-s m59-v m59-w m59-x m59-z\"><p><strong>Regi<\/strong><\/p><\/div><div class=\"x-text x-content e189-e33 m59-r m59-s m59-u m59-v m59-x m59-10\"><p><strong>Astrid H&oslash;st<br \/><\/strong><strong>Magnus Lie &Oslash;verland<\/strong><\/p><\/div><div class=\"x-text x-content e189-e34 m59-r m59-s m59-v m59-w m59-x m59-z\"><p><strong>Veileder<\/strong><\/p><\/div><div class=\"x-text x-content e189-e35 m59-r m59-s m59-u m59-v m59-x m59-10\"><p><b>Lena Kvitvik<\/b><\/p><\/div><div class=\"x-text x-content e189-e36 m59-r m59-s m59-v m59-w m59-x m59-z\"><p><strong>Plakatdesign og musikk<\/strong><\/p><\/div><div class=\"x-text x-content e189-e37 m59-r m59-s m59-u m59-v m59-x m59-10\"><p><strong>Leah Kristoffersen Larsen<\/strong><\/p><\/div><div class=\"x-text x-content e189-e38 m59-r m59-s m59-v m59-w m59-x m59-z\"><p><strong>Skuespillere<\/strong><\/p><\/div><div class=\"x-text x-content e189-e39 m59-r m59-s m59-u m59-v m59-x m59-10\"><p>Maria Annette Tander&oslash; Berglyd<br \/>Ane Ranes<br \/>Aurora Ausland Helling<br \/>Elena Furseth<br \/>Frid Solbj&oslash;r<br \/>Henrik Fjeld<br \/>Iben Hallem L&oslash;v&aring;s<br \/>Iren Harstad<br \/>Olivia Ingvoldstad<br \/>Sebastian David Loeffler<br \/>Stine Standal Opsahl<br \/>Synne Nederhoed<br \/>Vemund Kivle<\/p><\/div><\/div><\/div><\/div><\/div><\/div><\/div><\/div>\n","protected":false},"excerpt":{"rendered":"<p>Vega Ung TeaterNye m\u00e5ter \u00e5 fly p\u00e5FREDAG 24. MAI KL. 20:00L&Oslash;RDAG 25. MAI KL. 17:00Forestillingen handler om seks ungdommer som drar til en fraflyttet &oslash;y for &aring; starte et &oslash;kologisk kollektiv og finne nye m&aring;ter &aring; leve p&aring; i pakt med naturen og hverandre. Snart viser det seg imidlertid at motivene for &aring; v&aelig;re p&aring; &oslash;ya er litt ulike, der &#8230; <a href=\"https:\/\/osloung.no\/2024\/vegaungteater\/\" class=\"more-link\">Read More<\/a><\/p>\n","protected":false},"author":1,"featured_media":0,"parent":0,"menu_order":0,"comment_status":"closed","ping_status":"closed","template":"template-blank-4.php","meta":{"footnotes":""},"class_list":["post-189","page","type-page","status-publish","hentry","no-post-thumbnail"],"_links":{"self":[{"href":"https:\/\/osloung.no\/2024\/wp-json\/wp\/v2\/pages\/189","targetHints":{"allow":["GET"]}}],"collection":[{"href":"https:\/\/osloung.no\/2024\/wp-json\/wp\/v2\/pages"}],"about":[{"href":"https:\/\/osloung.no\/2024\/wp-json\/wp\/v2\/types\/page"}],"author":[{"embeddable":true,"href":"https:\/\/osloung.no\/2024\/wp-json\/wp\/v2\/users\/1"}],"replies":[{"embeddable":true,"href":"https:\/\/osloung.no\/2024\/wp-json\/wp\/v2\/comments?post=189"}],"version-history":[{"count":9,"href":"https:\/\/osloung.no\/2024\/wp-json\/wp\/v2\/pages\/189\/revisions"}],"predecessor-version":[{"id":444,"href":"https:\/\/osloung.no\/2024\/wp-json\/wp\/v2\/pages\/189\/revisions\/444"}],"wp:attachment":[{"href":"https:\/\/osloung.no\/2024\/wp-json\/wp\/v2\/media?parent=189"}],"curies":[{"name":"wp","href":"https:\/\/api.w.org\/{rel}","templated":true}]}}