{"id":172,"date":"2025-01-27T14:46:32","date_gmt":"2025-01-27T13:46:32","guid":{"rendered":"https:\/\/osloung.no\/lindeberg1-2\/"},"modified":"2025-05-24T16:10:22","modified_gmt":"2025-05-24T14:10:22","slug":"ungdomssmia","status":"publish","type":"page","link":"https:\/\/osloung.no\/2025\/ungdomssmia\/","title":{"rendered":"Ungdomssmia (1)"},"content":{"rendered":"<div id=\"cs-content\" class=\"cs-content\"><div class=\"x-section e172-e1 m4s-0 m4s-1 m4s-2 m4s-3\"><div class=\"x-row x-container max width e172-e2 m4s-b m4s-c m4s-d m4s-e m4s-f m4s-j m4s-k\"><div class=\"x-row-inner\"><div class=\"x-col e172-e3 m4s-r\"><div class=\"x-text x-content e172-e4 m4s-s m4s-t m4s-u\"><h2><span style=\"color: #ffffff;\">Ungdomssmia (1)<\/span><\/h2><\/div><\/div><\/div><\/div><\/div><div class=\"x-section e172-e5 m4s-0 m4s-3 m4s-4 m4s-5\"><div class=\"x-row x-container max width e172-e6 m4s-b m4s-c m4s-d m4s-e m4s-f m4s-j m4s-l\"><div class=\"x-row-inner\"><div class=\"x-col e172-e7 m4s-r\"><div class=\"x-text x-content e172-e8 m4s-s m4s-t m4s-u\"><h5><span style=\"color: #ffffff;\">To forestillinger: Ungdomssmia (2) spiller etterp&aring;<\/span><\/h5><\/div><\/div><\/div><\/div><\/div><div class=\"x-section e172-e9 m4s-0 m4s-2 m4s-6 m4s-7 m4s-8\"><div class=\"x-row e172-e10 m4s-c m4s-d m4s-g m4s-h m4s-m m4s-n\"><div class=\"x-row-inner\"><div class=\"x-col e172-e11 m4s-r\"><span class=\"x-image e172-e12 m4s-10\"><img decoding=\"async\" src=\"https:\/\/osloung.no\/2025\/wp-content\/uploads\/2025\/03\/IMG_8676-scaled.jpg\" width=\"2560\" height=\"1732\" alt=\"Image\" loading=\"lazy\"><\/span><\/div><\/div><\/div><\/div><div class=\"x-section e172-e13 m4s-0 m4s-2 m4s-3 m4s-4\"><div class=\"x-row x-container max width e172-e14 m4s-b m4s-c m4s-d m4s-e m4s-f m4s-j m4s-o\"><div class=\"x-row-inner\"><div class=\"x-col e172-e15 m4s-r\"><div class=\"x-text x-content e172-e16 m4s-s m4s-t m4s-v\"><h3><em><span style=\"color: #ffffff;\">Slut<\/span><\/em><\/h3><\/div><\/div><\/div><\/div><\/div><div class=\"x-section e172-e17 m4s-0 m4s-3 m4s-6 m4s-7 m4s-9\"><div class=\"x-row x-container max width e172-e18 m4s-b m4s-c m4s-f m4s-i m4s-j m4s-p\"><div class=\"x-row-inner\"><div class=\"x-col e172-e19 m4s-r\"><div class=\"x-text x-content e172-e20 m4s-s m4s-t m4s-v\"><p><span style=\"color: #666666;\"><strong>FREDAG 30. MAI KL. 20:00<\/strong><\/span><\/p><\/div><\/div><div class=\"x-col e172-e21 m4s-r\"><div class=\"x-text x-content e172-e22 m4s-s m4s-t m4s-v\"><strong><span style=\"color: #ff0000;\">NB: FORESTILLINGEN ER AVLYST<\/span><\/strong><\/div><\/div><\/div><\/div><\/div><div class=\"x-section e172-e23 m4s-0 m4s-3 m4s-6 m4s-9 m4s-a\"><div class=\"x-row e172-e24 m4s-b m4s-c m4s-d m4s-h m4s-m m4s-q\"><div class=\"x-row-inner\"><div class=\"x-col e172-e25 m4s-r\"><div class=\"x-grid x-container max width e172-e26 m4s-11\"><div class=\"x-cell e172-e27 m4s-12\"><div class=\"x-text x-content e172-e28 m4s-t m4s-v m4s-w m4s-x\"><p>Slut av Patricia Cornelius er et kort, skarpt enakter om internalisert kvinnehat. Cornelius\u2019 forfatterskap er poetisk, morsomt og brutalt, noen ganger alt innenfor en replikk.<\/p>\n<p>Vi blir fortalt denne historien \u2013 denne anekdoten \u2013 av et kor av unge kvinner, venner av Lolita, som har kjent henne fra en veldig ung alder. Faktisk s\u00e5 det noen sp\u00f8rsm\u00e5l om hvem som kjente henne bedre og hvem som kjente henne lengst. For jo bedre de kjente Lolita, jo bedre kan de forst\u00e5 henne. Og jo mer de forst\u00e5r henne, jo mer rettferdig kan de d\u00f8mme.<\/p><\/div><\/div><div class=\"x-cell e172-e29 m4s-12\"><a class=\"x-anchor x-anchor-button has-graphic e172-e30 m4s-13\" tabindex=\"0\" href=\"#\" target=\"_blank\" rel=\"noopener noreferrer\"><div class=\"x-anchor-content\"><span class=\"x-graphic\" aria-hidden=\"true\"><i class=\"x-icon x-graphic-child x-graphic-icon x-graphic-primary\" aria-hidden=\"true\" data-x-icon-s=\"&#xf3ff;\"><\/i><\/span><div class=\"x-anchor-text\"><span class=\"x-anchor-text-primary\">FREDAG 30. MAI<\/span><\/div><\/div><\/a><div class=\"x-text x-content e172-e31 m4s-t m4s-w m4s-y m4s-z\"><p><b>35 minutter<br \/>12 &aring;r+<\/b><\/p><\/div><div class=\"x-text x-content e172-e32 m4s-t m4s-w m4s-x m4s-z\"><p><strong>Regi<\/strong><\/p><\/div><div class=\"x-text x-content e172-e33 m4s-t m4s-v m4s-w m4s-y\"><p>Anette Finnanger<\/p><\/div><div class=\"x-text x-content e172-e34 m4s-t m4s-w m4s-x m4s-z\"><p><strong>Manus<\/strong><\/p><\/div><div class=\"x-text x-content e172-e35 m4s-t m4s-v m4s-w m4s-y\"><p>Patricia Cornelius<\/p><\/div><div class=\"x-text x-content e172-e36 m4s-t m4s-w m4s-x m4s-z\"><p><strong>Kostymer<\/strong><\/p><\/div><div class=\"x-text x-content e172-e37 m4s-t m4s-v m4s-w m4s-y\"><p>Ungdommene<\/p><\/div><div class=\"x-text x-content e172-e38 m4s-t m4s-w m4s-x m4s-z\"><p><strong>Skuespillere<\/strong><\/p><\/div><div class=\"x-text x-content e172-e39 m4s-t m4s-v m4s-w m4s-y\"><div dir=\"auto\"><span style=\"font-family: arial, sans-serif;\">Lolita: Thea Celine<\/span><\/div>\n<div dir=\"auto\"><span style=\"font-family: arial, sans-serif;\">Jentekor: Trine Terese, Camilla, Nora, Otilie og Aurora<\/span><\/div><\/div><\/div><\/div><\/div><\/div><\/div><\/div><\/div>\n","protected":false},"excerpt":{"rendered":"<p>Ungdomssmia (1)To forestillinger: Ungdomssmia (2) spiller etterp&aring;SlutFREDAG 30. MAI KL. 20:00NB: FORESTILLINGEN ER AVLYSTSlut av Patricia Cornelius er et kort, skarpt enakter om internalisert kvinnehat. Cornelius\u2019 forfatterskap er poetisk, morsomt og brutalt, noen ganger alt innenfor en replikk. Vi blir fortalt denne historien \u2013 denne anekdoten \u2013 av et kor av unge kvinner, venner av Lolita, som har kjent henne &#8230; <a href=\"https:\/\/osloung.no\/2025\/ungdomssmia\/\" class=\"more-link\">Read More<\/a><\/p>\n","protected":false},"author":1,"featured_media":0,"parent":0,"menu_order":0,"comment_status":"closed","ping_status":"closed","template":"template-blank-4.php","meta":{"footnotes":""},"class_list":["post-172","page","type-page","status-publish","hentry","no-post-thumbnail"],"_links":{"self":[{"href":"https:\/\/osloung.no\/2025\/wp-json\/wp\/v2\/pages\/172","targetHints":{"allow":["GET"]}}],"collection":[{"href":"https:\/\/osloung.no\/2025\/wp-json\/wp\/v2\/pages"}],"about":[{"href":"https:\/\/osloung.no\/2025\/wp-json\/wp\/v2\/types\/page"}],"author":[{"embeddable":true,"href":"https:\/\/osloung.no\/2025\/wp-json\/wp\/v2\/users\/1"}],"replies":[{"embeddable":true,"href":"https:\/\/osloung.no\/2025\/wp-json\/wp\/v2\/comments?post=172"}],"version-history":[{"count":19,"href":"https:\/\/osloung.no\/2025\/wp-json\/wp\/v2\/pages\/172\/revisions"}],"predecessor-version":[{"id":601,"href":"https:\/\/osloung.no\/2025\/wp-json\/wp\/v2\/pages\/172\/revisions\/601"}],"wp:attachment":[{"href":"https:\/\/osloung.no\/2025\/wp-json\/wp\/v2\/media?parent=172"}],"curies":[{"name":"wp","href":"https:\/\/api.w.org\/{rel}","templated":true}]}}